w = 3*i - 8. What is the units digit of i?
2
What is the units digit of (406/42)/((-32)/(-30) + -1)?
5
Let c = -21 + 22. What is the units digit of c?
1
Let n(u) = u**3 + 7*u**2 + 3*u + 9. What is the units digit of n(-5)?
4
Suppose 3*y = 5*k + 14, 2*y + 2*k - 4 = -0*y. Let h = -1 - -3. Suppose z - 21 = 3*q - 7*q, y*z = h*q + 21. What is the units digit of z?
9
Suppose 5*b + 4*m - 29 = 0, -5*m - 11 + 0 = b. What is the units digit of b?
9
Suppose -2*l = 5*d + 33, 0 = l - 2 + 1. Let p = d + 5. Let n = p - -15. What is the tens digit of n?
1
Let d(a) = 67*a**2 - a - 1. What is the tens digit of d(1)?
6
Let b = -321 - -451. What is the hundreds digit of b?
1
Let d = -7 + 11. Let v = 1 + d. What is the units digit of v?
5
Let y be ((-6)/(-2) - -2)/1. Let r(m) = m**2 - 4*m - 3. Let i be r(y). Suppose -5*a + 25 = 2*l, 3*l + i*a = 8*l - 48. What is the units digit of l?
0
Let q = -125 + 228. What is the tens digit of q?
0
Suppose 4*d - 5 + 21 = 0. What is the units digit of ((-54)/15)/(d/10)?
9
Let n be (-15)/(-2) - 2/4. Let a(i) = -i - 4*i - n + 4*i. What is the units digit of a(-9)?
2
Suppose 4*v = 4*l, -4*l - 4*v = 24 + 16. What is the units digit of ((-1)/2)/(l/30)?
3
Let c = -11 + 18. Suppose 7*m = 3*g + 2*m, -2*m = 0. Suppose -c = -i - g*i. What is the units digit of i?
7
Let c(y) be the second derivative of y**4/12 - 3*y**3/2 - 2*y**2 + 2*y. What is the units digit of c(10)?
6
Suppose 1632 = 2*o + 4*o. What is the units digit of o?
2
Suppose r - 5 = -4*x + x, -5*r + 2*x + 8 = 0. Suppose -r*h - 2*h = -44. What is the tens digit of h?
1
Let o be 0/(-1 - 2 - -5). Suppose o*p + p = 17. Let g = p + 1. What is the units digit of g?
8
Let j(k) = k + 4. Let v = -7 + 5. What is the units digit of j(v)?
2
Let a = 56 + -35. What is the units digit of a?
1
Suppose 2 = -5*c + 6*c. Suppose -2*m = 4*o - 88, -2*m + c*o + 2*o + 56 = 0. What is the units digit of m?
6
Suppose -10 = -7*h + 2*h. Suppose -h*q + 6*q = 56. What is the tens digit of q?
1
Let c(n) = 2*n**3 - 4*n**2 + 2*n. Let k be c(2). Suppose 4*u + 2*b = u + 11, 0 = 4*u - k*b - 8. What is the units digit of u?
3
Suppose 901 = 4*w + 5*k, 4*k - 445 = -2*w + 7*k. What is the units digit of w?
4
Let h(g) = 3*g**2 - g + 2. Let p = 18 + -16. What is the units digit of h(p)?
2
Suppose v = 5*o - 10, 4*v = 3*o + 14 - 3. Suppose -8*i = -o*i - 135. What is the tens digit of i?
2
Suppose 0 = -9*o + 4*o - 105. Let l be ((-28)/o)/((-2)/(-3)). Suppose 5*i = 0, -3*m + 2*i + l = -31. What is the tens digit of m?
1
Let n(z) = z**2 + z + 24. What is the units digit of n(0)?
4
Suppose 4*j - 4*d - 6 = -d, 3*d = -2*j - 6. Suppose j = -0*m - 4*m. Suppose m*k - 12 = -4*k. What is the units digit of k?
3
Let j(t) = -t + 1. Let c(n) = -3*n + 3. Let q(i) = c(i) - 2*j(i). Let f be q(0). What is the units digit of (f/(-2))/(2/(-32))?
8
Suppose 4*y = 2*l - 68, 0 = -3*y - 2 - 13. Let s = -10 + l. What is the tens digit of s?
1
Let k(s) = -5*s - 1. Let p(i) = -4*i - 1. Let j be p(1). What is the tens digit of k(j)?
2
Let x(f) = f**3 - 8*f**2 - f + 5. Let y be x(9). Suppose -5*k + 48 + y = 0. Let c = 42 - k. What is the tens digit of c?
1
Let s = -16 - -31. What is the tens digit of s?
1
Let j(r) = -r**3 - 11*r**2 + 6*r - 3. Let d(u) = -2*u**3 - 7 - 11*u**2 - 12*u**2 + 13*u - u. Let t(x) = -6*d(x) + 13*j(x). What is the units digit of t(-6)?
3
Suppose l - z - z = 72, 3*l - 2*z = 216. What is the units digit of l?
2
Let t = 40 + -5. What is the tens digit of t?
3
Let g be (8/6)/(12/(-18)). Let t be (-1)/g*(-6 - -58). Suppose -6 + t = 2*f. What is the tens digit of f?
1
Suppose -u + 2*u = 133. What is the hundreds digit of u?
1
Suppose -13 = -2*y - 5. Suppose -y*f = 5*i - 30 + 5, -f = -3*i + 32. What is the units digit of i?
9
Let x be 3*(6/9 - 2). Let t be (6/x)/(3/(-16)). Let r = t + -5. What is the units digit of r?
3
Let v = -25 + 127. What is the hundreds digit of v?
1
Let a(b) = b**2 - 13*b + 17. What is the hundreds digit of a(25)?
3
Let p = 12 - 17. Let s = 17 - p. What is the tens digit of s?
2
Let q(d) = d**2 + d - 4. Let y be q(-3). Suppose 3*o - 2*o = 3*c - 29, 4*c - 40 = y*o. Suppose -3*x = -4*x + c. What is the units digit of x?
9
Suppose -2*q = 5*o - 11, -o - 5*q - 19 = -4*o. Suppose 0 = -p - 2*x - 1, 0 = -3*p - 3*x + o. Suppose -4*c = -p*u + c + 9, 6 = 2*c. What is the units digit of u?
8
Let d = 406 + -234. What is the tens digit of d?
7
Suppose -3*v = 4*m + 17, -4*v = -5*m + v - 65. Let t = -75 + 53. Let w = m - t. What is the units digit of w?
4
Let u = -81 - 22. Let y = -60 - u. What is the tens digit of y?
4
Let q(f) = -5*f**3. What is the units digit of q(-1)?
5
Suppose -47 = -2*g + 281. What is the hundreds digit of g?
1
Let p(j) = -3*j - 2. Let r be p(-2). Suppose -2*w - 29 = -5*u, -24 = -r*u + u - w. What is the units digit of u?
7
Let c(y) = -y**3 - 3*y**2 - 5. Let q be c(-4). Let d = q + -5. What is the units digit of d?
6
Suppose 0*i - 2*i - 2*v + 16 = 0, 4*i - 5*v = 68. Suppose 10 - 1 = -3*z. Let a = i + z. What is the units digit of a?
9
Suppose -c + 68 = -37. What is the tens digit of c?
0
Suppose 3*y = 15, 0*r - y - 75 = -r. What is the units digit of r?
0
Let q(d) = -30*d + 2. Let p(f) = -10*f + 1. Let r(y) = 7*p(y) - 2*q(y). What is the tens digit of r(-2)?
2
Suppose -2*q - 9 = q. Let o be q/(-6) + (-10)/(-4). Suppose 2*r + 17 = o*r. What is the units digit of r?
7
Suppose -2*c + 2 = 0, -2*k + 5*c = -0*k - 3. Suppose k*f + 8 = -20. Let u(w) = -w**3 - 6*w**2 + 5*w - 6. What is the units digit of u(f)?
8
Let o = -109 + 217. What is the tens digit of o?
0
Suppose k + 8 - 1 = -2*w, 9 = -3*w. Let r be 0/((-3)/(k + -2)). Suppose r = 5*u, 7*u - 3*u - 2 = -t. What is the units digit of t?
2
Let d(f) = -f - 7. Let v be d(-5). Let b(r) = -3*r**3 - 3*r**2 + r + 2. What is the tens digit of b(v)?
1
Let k be (-1 - 2 - 0) + -1. Let i(l) = -l**2 - 6*l - 6. Let w be i(k). Suppose f + 15 = w*f - 2*b, 0 = -5*f - 4*b + 5. What is the units digit of f?
5
Let i(g) = -g**2 - 7*g + 11. Let r be i(-8). Suppose 30 = -f + r*f. What is the tens digit of f?
1
What is the hundreds digit of (-481)/(-4) + (-2)/8?
1
Suppose 3*v + 5*b = b - 6, 0 = -2*b. Let l be 8/6*(v + -4). Let w = l + 14. What is the units digit of w?
6
Suppose 3*b + 0*b + 2*r = 2, -r = 5. Suppose 0 = -b*a - 15 + 59. Suppose -8 = 4*j, -j - 31 = -5*o + a. What is the units digit of o?
8
Let y = 9 + -5. Suppose -6*p = -y*p - 52. What is the units digit of p?
6
Let a(q) = 2*q + 1. Let i be a(-2). Let k(y) = -2*y**3 - 4*y**2 + 1. What is the units digit of k(i)?
9
Let j(u) = u**3 - 5*u**2 + 6*u - 5. Let l be j(4). What is the units digit of l/3 + 3 - -3?
7
Let n = 20 - 21. Let w(k) = -28*k**3 + k**2. What is the units digit of w(n)?
9
Let u = -8 + 0. Let c = u + 12. What is the units digit of c?
4
Suppose 0 = -5*v + 29 + 16. Let y(b) = -b**2 + 10*b + 8. What is the tens digit of y(v)?
1
Let o(u) = -u**2 - 7*u - 5. Let g be o(-6). What is the units digit of (33/6)/(g/2)?
1
Suppose m - 3*m = -10. Suppose 0*p + 12 = 2*p - 4*h, -m*p + 52 = h. What is the units digit of p?
0
Let d(c) = 18*c**2 - c - 4. What is the tens digit of d(2)?
6
Let y(l) = -6*l - 31. What is the units digit of y(-18)?
7
Suppose -2*z + 1 = t, 0*z + z = t - 4. Suppose -t*w - w = -72. What is the units digit of w?
8
Suppose -6*i + 30 = -i. Suppose 6 = -3*x + i*x. Suppose 3*o + x*o = 25. What is the units digit of o?
5
Suppose 5*x + 2*y - 14 = 0, -x + 5*y - 11 = -30. What is the units digit of x?
4
Let h = -48 + 27. What is the units digit of 74/14 - (-6)/h?
5
Suppose 4*p - 48 = 72. Suppose j + 2*j = p. What is the tens digit of j?
1
Suppose 0 = 3*j - 4*c + 27 - 249, -292 = -4*j + 4*c. What is the units digit of j?
0
Let w = 143 + -95. Let p be (5/3)/((-4)/w). Let a = p + 30. What is the units digit of a?
0
What is the units digit of ((-8)/2 - 2093/(-7))*1?
5
Let w be 0/(-2 + 2 + 2). Suppose 4*n + w*n = 44. What is the tens digit of n?
1
Suppose 2 = -4*k + r, -2*k + 2*r = 2*k. Let m = 1 + k. Let z = m - -1. What is the units digit of z?
1
Let o = 1 + 8. What is the units digit of o?
9
Suppose 3*s = s + 26. Suppose -n + 2 - 4 = -f, -s = f + 4*n. What is the units digit of f + 0 - (1 - 8)?
6
Suppose -54 = -5*n + 86. What is the tens digit of n?
2
What is the units digit of 8/24 + (-29)/(-3)?
0
Let l